q(h) = -102361*h - 1330689. What is q(-13)?
4
Let s(k) = 2998*k + 17863. Calculate s(-6).
-125
Let w(y) = -y**3 + 217*y**2 - 316*y - 114167. Give w(213).
1
Let c(n) = 27*n**3 - 2883*n**2 - 676*n + 3657. Calculate c(107).
19
Let n(f) = -206*f**2 + 127*f + 75. What is n(1)?
-4
Let p(m) = -802*m**3 - 2*m**2 - 78*m - 76. Calculate p(-1).
802
Let v(t) = 9*t**3 + 6*t**2 + 89*t + 285. What is v(-4)?
-551
Let p(i) = -5*i**2 - 5785*i - 190914. Calculate p(-34).
-4
Let t(j) = -2217*j - 15958. What is t(-8)?
1778
Let v(i) = -6*i**3 + 249*i + 250. Determine v(-1).
7
Let y(v) = 384*v - 2568. Calculate y(0).
-2568
Let d(f) = 1770*f - 72836. Calculate d(41).
-266
Let q(f) = 2*f**3 + 174*f**2 + 29*f - 355. Give q(-87).
-2878
Let b(h) = 115*h**2 - 29219*h + 2256. Give b(254).
-30
Let q(c) = -2*c**3 - 358*c**2 + 1060*c - 5812. Give q(-182).
12
Let d(r) = -80*r - 7848. What is d(-97)?
-88
Let i(a) = 144109*a - 1008761. Calculate i(7).
2
Let k(q) = -6*q**2 - 809*q + 10184. Give k(12).
-388
Let h(y) = 2*y**3 + 69*y**2 - 7047*y - 1265. What is h(-79)?
-1
Let g(l) = l**3 + l**2 - 368613*l + 737211. Determine g(2).
-3
Let w(u) = -627*u + 28750. Determine w(46).
-92
Let b(c) = 91*c**3 - 355*c**2 + 235*c - 932. What is b(4)?
152
Let l(h) = 2652*h - 103442. Determine l(39).
-14
Let m(p) = -p**3 + 133*p**2 - 750*p + 582. Give m(127).
2106
Let y(c) = -c**3 - 40*c**2 + 72*c - 761. Determine y(-42).
-257
Let y(n) = -603*n - 101917. Calculate y(-169).
-10
Let q(w) = -w**2 + 1301*w - 166360. Calculate q(144).
248
Let h(a) = 4*a**2 + 72*a - 761. Determine h(-30).
679
Let g(s) = s**3 - 11*s**2 - 14*s + 148. Determine g(11).
-6
Let z(y) = 1460*y + 115364. Give z(-79).
24
Let w(u) = -2*u**2 + 399*u + 12583. Give w(226).
605
Let w(b) = -442*b + 67670. What is w(153)?
44
Let k(b) = b**3 - 80*b**2 + 1157*b + 123. Give k(61).
1
Let h(l) = -2*l**2 + 126*l - 14. Give h(57).
670
Let x(o) = -184*o + 10146. Determine x(55).
26
Let a(d) = 27*d + 897. Determine a(-9).
654
Let t(f) = 5160*f + 15103. Calculate t(-3).
-377
Let m(r) = -3117*r**2 - 71679*r + 295. Give m(-23).
19
Let k(f) = 26*f**2 + 3540*f + 28251. What is k(-8)?
1595
Let n(w) = -3*w**3 + 28*w**2 + 124*w + 153. What is n(-4)?
297
Let m(j) = -2*j**2 - 2280*j - 22603. Determine m(-10).
-3
Let w(m) = -61*m**2 - 197*m + 962. Give w(3).
-178
Let i(v) = 86*v + 3651. What is i(-37)?
469
Let n(j) = 545*j**2 - 434*j. What is n(-2)?
3048
Let u(q) = -q**3 + 6*q**2 + 26*q - 14. Determine u(10).
-154
Let t(p) = -2*p**2 + 270*p + 18072. What is t(-49)?
40
Let h(i) = -21*i**2 - 2096*i + 18112. Calculate h(8).
0
Let n(c) = 1604*c**2 + 20847*c - 23. Determine n(-13).
42
Let c(g) = 2757*g + 99272. Determine c(-36).
20
Let l(s) = 30*s**2 - 103*s + 83. Calculate l(6).
545
Let h(i) = i**2 - 24449*i + 48887. Calculate h(2).
-7
Let b(n) = -3*n**3 - 267*n**2 - 25. Determine b(-89).
-25
Let m(r) = -17*r - 3979. Determine m(-101).
-2262
Let d(g) = 4*g**3 - 356*g**2 + 872*g - 77571. Give d(89).
37
Let l(g) = -3*g**3 + 4454*g**2 - 7011*g - 599135. What is l(1483)?
-3
Let t(z) = -166896*z + 1001296. Calculate t(6).
-80
Let t(r) = 30*r**2 + 2763*r + 139. Determine t(-92).
-137
Let b(f) = -93*f + 25. What is b(-8)?
769
Let h(m) = m**3 + 67*m**2 + 1060*m + 3078. Determine h(-45).
-72
Let h(o) = 24*o**3 + 82*o**2 - 2*o - 68. Give h(-3).
28
Let k(n) = n**3 + 137*n**2 - 3686*n - 962. Calculate k(-160).
-2
Let k(c) = 96525*c - 2316592. Give k(24).
8
Let k(c) = -40*c**2 - 649*c + 2172. What is k(3)?
-135
Let k(z) = 6*z**3 - 13*z**2 + 114*z - 203. Give k(2).
21
Let b(g) = g**3 - 110*g**2 + 256*g - 16495. Determine b(109).
-472
Let u(h) = 12846*h - 372526. Give u(29).
8
Let x(l) = -l**2 - 218*l + 679. What is x(0)?
679
Let u(t) = -21*t**3 - 420*t**2 + t + 10. Calculate u(-20).
-10
Let v(x) = 26279*x - 420463. What is v(16)?
1
Let b(r) = -49*r**2 - 3871*r - 1. Give b(-79).
-1
Let p(i) = 155*i + 6410. What is p(-34)?
1140
Let w(v) = 41*v + 1808. Give w(-44).
4
Let c(r) = 52541*r - 104803. What is c(2)?
279
Let n(x) = -5207*x - 281189. Determine n(-54).
-11
Let c(a) = -2189*a - 172944. Give c(-79).
-13
Let a(o) = o**3 - 127*o**2 + 6099*o - 797051. Give a(128).
5
Let b(j) = -2*j**2 + 126755*j + 380291. Determine b(-3).
8
Let k(h) = 11*h - 73. Determine k(41).
378
Let z(a) = 2222*a + 428843. Determine z(-193).
-3
Let h(d) = -16*d**3 + 1572*d**2 - 393*d + 103. What is h(98)?
5
Let r(h) = 233396*h + 6535096. Give r(-28).
8
Let r(i) = -2142*i - 74959. Calculate r(-35).
11
Let s(y) = y**3 + 3*y**2 - 87*y + 101. What is s(11)?
838
Let j(d) = 39*d**2 + 12048*d + 23034. Determine j(-307).
9
Let s(f) = -6313*f + 70177. Give s(11).
734
Let a(k) = -203*k**2 + 3061*k - 234. Give a(15).
6
Let w(t) = t**3 + 44*t**2 - 77*t - 1619. Calculate w(-45).
-179
Let u(l) = -932774*l + 13991615. Give u(15).
5
Let x(k) = -6*k**2 + 28*k + 1079. Determine x(-12).
-121
Let b(l) = -7872*l - 913148. Determine b(-116).
4
Let b(w) = -607*w - 261336. Determine b(-431).
281
Let u(h) = -8*h**2 + 847*h + 5807. What is u(-7)?
-514
Let k(a) = -1429*a + 9107. Give k(6).
533
Let o(u) = 8864*u - 416616. Determine o(47).
-8
Let p(w) = -w**3 + 80*w**2 - 417*w - 2330. Determine p(74).
-332
Let g(a) = -2*a**3 + 491*a**2 + 12919*a + 1. Determine g(-24).
409
Let j(w) = -w**2 - 3393*w - 13556. Give j(-4).
0
Let i(n) = 2*n**3 + 164*n**2 + 109*n - 4234. Calculate i(-81).
59
Let o(c) = -12*c**3 - 21*c**2 + 5190*c + 10390. Give o(-2).
22
Let u(n) = -105*n**2 - 62782*n + 4791. Determine u(-598).
7
Let q(k) = 7*k**2 - 53*k - 31. What is q(4)?
-131
Let y(r) = -61*r**2 - 707*r - 1796. Give y(-8).
-44
Let z(x) = 1828*x + 17346. What is z(-9)?
894
Let q(h) = -h**3 - 35*h**2 + 44*h - 319. Calculate q(-34).
-2971
Let s(f) = 123*f**2 - 23*f + 16. What is s(4)?
1892
Let r(x) = -139458*x + 4462645. Calculate r(32).
-11
Let c(i) = 1664*i - 49703. Determine c(30).
217
Let p(i) = -17*i**3 - 89*i**2 + 44*i + 416. Determine p(-5).
96
Let l(j) = 6819*j + 115953. Calculate l(-17).
30
Let y(t) = -t**2 - 2*t + 59. Determine y(9).
-40
Let v(r) = 3772*r + 56722. Determine v(-15).
142
Let b(c) = 2*c**2 - 252*c + 5866. Determine b(30).
106
Let s(g) = 2*g**2 + 256*g - 5705. Determine s(-144).
-1097
Let l(m) = 4*m**3 - 27*m**2 - 33*m + 20. What is l(8)?
76
Let j(r) = 1184617*r - 4738474. Determine j(4).
-6
Let o(d) = -d**2 + 46*d + 1553. Give o(74).
-519
Let h(r) = -r**3 + 116*r**2 - 58*r + 49389. Calculate h(119).
4
Let f(p) = p**2 - 115*p - 1374. Calculate f(109).
-2028
Let k(n) = -n**3 + 33*n**2 + 24*n - 859. Calculate k(33).
-67
Let o(d) = 143*d - 2174. What is o(11)?
-601
Let f(v) = -v**3 + 11*v**2 + 58*v + 289. Give f(16).
-63
Let m(z) = -1349*z**2 - 10725*z + 564. Give m(-8).
28
Let l(c) = -238*c**2 + 2101*c - 5. Determine l(9).
-374
Let y(d) = 1466*d**2 - 46915*d + 90. Determine y(32).
-6
Let u(k) = -29*k**2 + 47*k - 27. Calculate u(2).
-49
Let d(l) = l**2 - 167*l - 26879. Calculate d(265).
-909
Let w(y) = -y**3 + 23*y**2 - 6*y + 83. What is w(0)?
83
Let v(s) = -s**3 + 10*s**2 + 141*s - 720. What is v(16)?
0
Let d(t) = 2134*t - 283818. Determine d(133).
4
Let r(b) = 11*b**2 + 793*b + 133. Calculate r(-71).
-719
Let w(b) = 5*b**3 + 230*b**2 + 439*b - 92. Calculate w(-44).
-48
Let y(m) = 2*m**3 - 108*m**2 - 446*m - 1047. Determine y(58).
-3
Let d(f) = f**3 - 24*f**2 + 253*f - 2777. Calculate d(18).
-167
Let i(r) = r**2 + 10999*r + 43973. Calculate i(-4).
-7
Let r(u) = u**2 - 443*u - 11214. Determine r(467).
-6
Let z(s) = -11002*s + 10725. Determine z(1).
-277
Let x(q) = -52*q**3 + 2289*q**2 - 36*q - 370. Give x(44).
-18
Let y(c) = -2*c**2 - 822*c - 22244. Determine y(-29).
-88
Let l(p) = 12392*p - 136310. Determine l(11).
2
Let x(a) = -a**3 - 73*a**2 + 55*a - 1441. Determine x(-74).
-35
Let a(y) = -18*y**2 - 9*y + 44. Determine a(1).
17
Let w(t) = 545*t + 10108. Give w(-22).
-1882
Let l(y) = -y**3 + 222*y**2 + 526*y - 67445. What is l(223)?
124
Let f(w) = 8*w**2 + 163*w + 713. Give f(-8).
-79
Let u(s) = s**3 + 41*s**2 + 104*s + 224. Calculate u(-37).
1852
Let u(k) = -3*k**3 - 162*k**2 + 2162*k + 116749. Determine u(-54).
1
Let q(z) = 197181*z - 197184. Give q(1).
-3
Let r(i) = -25*i**3 - 22*i**2 - 194*i - 569. Give r(-5).
2976
Let j(b) = -89959*b - 90112. Determine j(-1).
-153
Let h(z) = 1560*z + 32636. Calculate h(-21).
-124
Let z(y) = 